 q + 6*w - 3*w - 43 = 0, -2*q - 2*w + 94 = 0. Suppose -b - 4*c = q - 237, -343 = -2*b + 3*c. Suppose 10*a + a - b = 0. What is the units digit of a?
6
Suppose f = 3*f + 66. Let o(a) = a**3 + 35*a**2 + 63*a - 24. What is the tens digit of o(f)?
7
Let u(z) = z**2 + 11*z + 12. Let g be u(-11). Let l = 60 - g. Suppose 45*w - l*w = -330. What is the tens digit of w?
1
Let t be (-515)/(-7) + (-78)/(-182). Suppose y - t = 332. What is the tens digit of y?
0
Let y(h) = 2*h**2 + 10*h + 5. Let b be y(-5). Suppose -b*q + 844 = -1211. Suppose 165*m - 162*m - q = 0. What is the hundreds digit of m?
1
Let a be (-8)/((-40)/75) + -3. Let t(g) = -13*g**2 - 533*g**3 + 31 + 534*g**3 - a*g + g. What is the units digit of t(14)?
3
Suppose -10*q = -7*q. Suppose q = n + 30 - 83. Suppose c - n - 17 = 0. What is the tens digit of c?
7
What is the thousands digit of 3/(-18)*(-16470)/(-4)*(-438 - -426)?
8
Suppose -28596 = 4*y - 79028. Suppose -25*z + y = 7*z. What is the units digit of z?
4
Let r = 1156 - -635. What is the tens digit of (45 - r)*(-2)/6?
8
Let u be 1 - (4 + 2)/(-2). Suppose 1787 = 3*z + 2*l, 6*l = -4*z + u*l + 2380. What is the tens digit of z?
9
Let s(g) = 4*g**2 - 203*g - 204. What is the units digit of s(-14)?
2
Let h be -6*21/(-14) - 7. Suppose 0 = 5*a - 8*a - 4*n + 416, 3*n + 249 = h*a. What is the tens digit of a?
3
Let g = -1625 - -1154. Let j = 485 + g. What is the units digit of j?
4
Let v(x) = x + 12. Let z be v(-9). Suppose z*g = -0*g + 39. What is the tens digit of g/(-26) - (-185)/2?
9
Let x = -5651 - -19034. What is the thousands digit of x?
3
Let o = 3986 - 2357. Let d = o - 651. What is the units digit of d?
8
Suppose -2*x - y + 5036 = 0, -5*x + 4953 = y - 7640. What is the tens digit of x?
1
Let v = 376 - 318. What is the units digit of (7/(-2))/((-29)/v)?
7
Suppose -4*u = 2*d + 2*d, -u = 2*d + 4. What is the units digit of (7 + d)*2 - -42?
8
Let q(t) = t**3 + 12*t**2 - 4*t - 25. Let d be q(-12). Suppose -d*p + 1680 = p. What is the units digit of p?
0
Let l be (-21)/(-35) + (38/(-5) - 0). Let a be 0 - 1*328 - (-7 - l). Let n = -230 - a. What is the tens digit of n?
9
Let k(j) = j**2 - 7*j - 20. Let i be k(10). Let x be (2/1 + i/(-6))*-3. What is the units digit of 1/(1/(-2)) + (-31)/x?
9
Suppose u + 2*p = 1594, -116*u + 121*u - 3*p - 8074 = 0. What is the units digit of u?
0
Suppose 36 = p - 4*m + 13, 3*p - 2*m = 19. Suppose -2859 = -p*o + 3*x, 17*o - 18*o + 965 = -4*x. What is the hundreds digit of o?
9
Let a(n) = 54*n + 138. Suppose 0 = 12*y - 11*y - 9. What is the units digit of a(y)?
4
Let f be 1/3*-2*(-183)/(-2). What is the tens digit of (1 + 218/(-2))*(58 + f)?
2
Let r = 18667 + 24130. What is the ten thousands digit of r?
4
Let f be -3 - (-4)/6*9. Suppose 3*v - t - 317 = v, -f*t = -3*v + 483. Let m = -77 + v. What is the tens digit of m?
7
What is the hundreds digit of -80*(-1)/3*156?
1
Let f = 485 - -443. Suppose 6*h - f = 206. What is the units digit of h?
9
Suppose -3*a = -2*a + 155. Suppose 57*b - 5034 - 10755 = 0. Let v = b + a. What is the tens digit of v?
2
Let y be -489*3/6*176/(-6). Let h be y/20 - 2/((-30)/(-9)). Let t = h + -244. What is the hundreds digit of t?
1
Suppose -5*l = -2*i + 6 - 18, 4*i = 2*l + 8. Suppose 12 = w - o - 3, -l*w + 3*o = -55. What is the units digit of w?
0
Let w be (-20)/(-6 - 1960/(-326)). Let k = -829 - w. What is the hundreds digit of k?
8
Suppose -842*o + 864*o - 262482 = 0. What is the units digit of o?
1
Suppose -20*o + 25*o - 20 = 0, -2*q = 3*o - 4016. What is the hundreds digit of q?
0
Let n = -35205 + 63420. What is the hundreds digit of n?
2
Let f(r) = 1003*r**2 - 18*r + 19. What is the ten thousands digit of f(7)?
4
Let p(u) = -8*u. Let q be p(1). Let b be (q/14)/((-2)/14). Suppose -3*s = g - 103, -2*s + s + 49 = b*g. What is the units digit of s?
3
Let y be (1 - 1)/(22/22). Let q(a) = -a**3 - a**2 - a + 41. What is the tens digit of q(y)?
4
Let y(a) = 321*a - 1322. What is the units digit of y(26)?
4
Let t = -81 + 86. Suppose -t*a = -8*a + 738. What is the hundreds digit of a?
2
Suppose 227*n - 1342 = 229*n. Let s = n + 1892. What is the thousands digit of s?
1
Let v be 402/9*(-3 + 6/4). Let i = v + -33. Let q = 111 + i. What is the units digit of q?
1
Let j be 14/21 - (16/(-12) - 2). Suppose 3*m - 7*m = 5*t - 2011, -j*m = -3*t + 1181. What is the hundreds digit of t?
3
Let t(s) = 49*s**3 - 5*s**2 - 3*s + 1. Let v be t(-1). Suppose 0 = 5*f + 4*a + 471, 5*f = f - 2*a - 372. Let r = v - f. What is the tens digit of r?
4
What is the thousands digit of 270/(((-2)/(-62))/1)?
8
Suppose -19*m = 19*m - 142500. What is the thousands digit of m?
3
Let z(b) = b**3 + 54*b**2 + 72*b - 303. What is the tens digit of z(-43)?
4
Let v = -15859 + 34601. What is the tens digit of v?
4
Suppose 1072*q - 1069*q - 126 = 0. What is the units digit of (-7)/6 - -1 - (-62125)/q?
9
Let j be ((-70)/25 - (-1)/(-5)) + 3. Suppose -b - 5*x + 5 = j, b - 2*x - x = -3. Suppose 3*m + 2*m - 145 = b. What is the tens digit of m?
2
Let o = -128 - -400. Suppose 166*b = 170*b - o. What is the units digit of b?
8
Suppose -2*f - 5*i = 112, 16 = -f - 5*i - 45. Let y = f - -53. Suppose 0 = 3*h - y*h - 38. What is the units digit of h?
8
Suppose -10591 = -2*r - k, -2443 = -3*r + 5*k + 13450. What is the hundreds digit of r?
2
Let j(u) = 28*u + 12. Let b(q) = 30*q + 13. Let c(v) = 6*b(v) - 5*j(v). What is the tens digit of c(5)?
1
Let d = 5423 - -9008. What is the units digit of d?
1
Let y(m) = 93*m**2 - 80*m - 227. What is the ten thousands digit of y(-14)?
1
Suppose 25*z - 34*z + 200412 = 0. Suppose 49*v + z = 68*v. What is the thousands digit of v?
1
What is the hundreds digit of (71 - 72)/((-174160)/(-174164) - 1)?
5
Let u = -221 - -1080. Suppose 4*d + u = 2903. What is the hundreds digit of d?
5
Suppose -5*y + 2184 = 2*s, 2*y + s + 4*s = 882. Suppose 2*m - 938 - y = 0. What is the units digit of m?
7
Let c be (5/(-15))/(1/(-9)*1). Suppose c*a - 187 = -181. What is the units digit of 20*((-95)/(-10) + a)?
0
Let g(d) = -d**2 + 9*d + 153. Let v be g(-8). Suppose -v*k = -22*k + m + 4938, -k = 5*m - 972. What is the tens digit of k?
8
Suppose 2*v + 5*u - 4450 = 0, -3*v + 6636 = 95*u - 94*u. What is the units digit of v?
0
Let a(h) = 6353*h - 1101. What is the units digit of a(5)?
4
What is the units digit of -6 + (-94108)/(-24) + (-24)/144?
5
Let g(p) be the first derivative of p**3/3 + 2*p**2 + 13. Let c be g(-6). Suppose 305 + 127 = c*f. What is the units digit of f?
6
Let s be (7 - -1556)*(-1)/3. Let g = -388 - s. What is the tens digit of g?
3
Let g be 3/(-9) + 0 + (-67500)/(-81). Suppose 16*k - g = 2255. What is the tens digit of k?
9
Let m(b) = 6*b**2 - 4*b - 2. Suppose 5 = 2*k + 1. What is the units digit of m(k)?
4
Suppose 23159 - 29 = 9*q. What is the units digit of q?
0
Suppose -12*q = -10*q - 8. Suppose -q*v = 11 - 35. What is the tens digit of 22/4*(13 - (v - 3))?
5
Let p = 15633 - -28146. What is the tens digit of p?
7
Let x(p) = 743*p**2 - 38*p + 137. What is the thousands digit of x(4)?
1
Suppose 3*k - 4*g = 3931, 4*k - 384*g - 5246 = -381*g. What is the tens digit of k?
1
Let i = -20 + 32. Let k = 14 - i. Suppose 5*v + 76 = k*x, 5*v + 43 + 129 = 4*x. What is the units digit of x?
8
Let w = 426 - 223. Let g = 333 - w. Let y = -46 + g. What is the tens digit of y?
8
Let u = 2 + -4. Let v be ((-12)/10)/(-6 + 27/5). What is the tens digit of u/4 + 99/v?
4
Let k(n) = 9991*n**3 - 2*n**2 - 54*n + 114. What is the thousands digit of k(2)?
9
Suppose 90*r - 436380 = 20*r. What is the thousands digit of r?
6
Suppose 0 = -289*b + 276*b + 93366. What is the tens digit of b?
8
Suppose 16*q - 22375 - 12169 = 0. Suppose -853 = -6*x + q. What is the units digit of x?
2
Let l(k) = -k - 2. Let o be l(-3). Suppose 2*r - o - 5 = 0. Suppose -r*v = 5*x - 4*v - 494, -78 = -x - 5*v. What is the units digit of x?
8
Suppose -37*i - 60214 = -51*i. What is the hundreds digit of i?
3
Suppose 54*d = 136285 + 48719. What is the thousands digit of d?
3
What is the ten thousands digit of (1 - -2383)*((-2)/4)/((-302)/10268)?
4
Let h = -61 - -72. Let j(q) = -q**3 + 8*q**2 + 6. Let p be j(h). Let b = p - -524. What is the tens digit of b?
6
Suppose 3*q - 16 = -7, -3*l + 3*q = -7839. What is the units digit of (-3)/((-18)/l) - -6?
2
Suppose 2*g 